*2 + 18*u - 15. Let h(f) = 3*q(f) + 5*s(f). Calculate h(8).
3
Let x(z) be the third derivative of 0 - 1/120*z**6 + 2*z**2 - 1/2*z**3 + 1/15*z**5 + 0*z + 1/12*z**4. Let h = 67 + -64. Determine x(h).
12
Let l be (-21)/14*(22/(-3) + 2). Let i(h) = -h**2 + 7*h + 11. What is i(l)?
3
Let i(t) be the first derivative of t**2 + 3*t - 2. Let k(g) = 6*g**2 - 1. Let n be k(1). What is i(n)?
13
Let q(l) = 12*l - 1. Suppose -2*u + 5*c + 24 = 0, 4*c = -0*u + 3*u - 22. Suppose -3*f + n + 0 = u, 0 = n - 5. Give q(f).
11
Let g(c) be the second derivative of c**6/120 + c**5/60 + c**4/12 + c**3/6 + 17*c**2/2 - 13*c. Let b(o) be the first derivative of g(o). Give b(-1).
-1
Let z(q) = q - 5. Let f be -14*(-6)/(-12)*-2. Calculate z(f).
9
Let m(d) be the first derivative of -1/3*d**3 - 5/2*d**2 - 3*d + 9. Give m(-3).
3
Let i(r) = -6*r - 44. Let n = 1388 - 1398. What is i(n)?
16
Let i(d) = -4*d - 11. Let p(b) = b - 1. Let s(a) = -i(a) - 3*p(a). Give s(-10).
4
Let k(m) be the second derivative of m**3/3 + 23*m**2/2 - 62*m - 1. Give k(-12).
-1
Let h(f) = -3*f**2 - 5*f + 1. Let i = 797 - 799. Calculate h(i).
-1
Suppose 7 = 3*l - 14. Let x = 26 - 50. Let k be x/(-42) - (-10)/l. Let y(r) = r**3 + r + 2. Calculate y(k).
12
Let x(n) = n - 2. Let i(g) be the second derivative of g**5/20 + g**4/4 + g**3/6 + 13*g**2/2 + g. Let f be i(0). Suppose f*k + 15 = 8*k. Determine x(k).
-5
Let v(a) be the third derivative of a**4/24 - a**3/3 - 221*a**2. Let m(q) be the first derivative of q - 1. Let g(z) = 4*m(z) - v(z). Give g(7).
-1
Let c(s) be the second derivative of -s**5/20 + 5*s**4/12 + 5*s**3/6 - 60*s. What is c(6)?
-6
Let j be ((-3332)/26)/14 + (-2)/(-13). Let p(v) = v**3 + 10*v**2 + 9*v - 13. Determine p(j).
-13
Let j(a) be the second derivative of -a**4/12 - 11*a**3/6 + 5*a**2 + 15*a - 11. Determine j(-11).
10
Let b(d) be the second derivative of d**5/20 + d**3/6 + 7*d**2/2 - d - 2. Let m be b(0). Let z(h) = -h**3 + 6*h**2 + 7*h. What is z(m)?
0
Let q(b) = 2*b - 10. Suppose -9*v - 27 = -12*v. Let l(f) = -8*f + 41. Let p(h) = v*q(h) + 2*l(h). Calculate p(7).
6
Let d(n) be the first derivative of n**4/4 - 4*n**3/3 + 3*n**2/2 - 2*n + 16. Suppose m + 5*w = 12, -2*m - 4 = -3*w - w. What is d(m)?
-4
Let n(j) be the first derivative of j**3/3 + j**2/2 - 5*j - 257. What is n(-3)?
1
Let m(t) = -t**3 + 6*t**2 - 5*t + 9. Let z(g) = g**2 - 7*g - 47. Let v be z(12). Suppose 2*i = -1 + v. What is m(i)?
-21
Let c(v) be the third derivative of -v**5/60 - v**4/6 - v**3/3 + 2*v**2 - 203. What is c(-3)?
1
Suppose -31 = 12*z - 55. Let k(b) = b**3 - 2*b**2 - b + 2. What is k(z)?
0
Suppose 11*c + 30 = 5*c. Let j(q) be the first derivative of q**4/4 + q**2/2 + q + 2. Let t(u) = 4*u**3 + 5*u - 3. Let i(g) = c*j(g) + t(g). Calculate i(0).
-8
Let u(q) = -30*q - 333. Let p(b) = 9*b + 100. Let m(o) = 27*p(o) + 8*u(o). What is m(-14)?
-6
Suppose -4*h + 16 = -0*h. Let k(l) = h - 2 + l**3 - 6 + 1. What is k(0)?
-3
Suppose 2 + 12 = -5*n + c, -4*n - 7 = -5*c. Let y(v) = -v**2 + v + 7. Give y(n).
-5
Let k(b) = -6*b - 3. Let h(z) = 12*z + 7. Let w = 94 + -52. Let g be (-12)/w + (-26)/7. Let r(p) = g*h(p) - 9*k(p). Give r(-1).
-7
Let l(j) = -j**3 + 6*j**2 - 4*j - 4. Suppose 2*c = 50 - 22. Let v = c + -9. Calculate l(v).
1
Suppose -3*r + 15 = 9. Let g(m) = -6*m - m**2 - 9 + 2*m**2 + m**3 + 6*m**r + 2*m. What is g(-7)?
19
Suppose 0 = 10*r - 4*r + 30. Suppose -5*d + 9 = -6. Let i(o) = 0*o - d*o + 5 + o + 3*o. Give i(r).
0
Let l(a) = 2*a**3 + 6*a**2 + a - 4. Let r(j) = -j**3 - 1. Let c(s) = -l(s) - r(s). Calculate c(-6).
11
Let x(j) = -3*j + 1. Suppose 3*u - 21*n = -19*n + 14, -2*u = -4*n - 20. Determine x(u).
-5
Let g(k) = k**2 - k - 8. Let x be g(6). Let s = 770 - 751. Let w = s - x. Let i(l) = -l**2 - 2*l + 4. What is i(w)?
1
Let m = -2 - -1. Let r(d) = d**3 - 6*d**2 - 7*d + 1. Let n be r(7). Let j(u) = -n - 17*u - 5*u + 20*u - 11*u**2. What is j(m)?
-10
Let n(t) = 15*t + 10. Let q(c) = 5*c + 3. Let i(u) = -3*n(u) + 10*q(u). Suppose 118*o = 250*o - 88*o + 44. Calculate i(o).
-5
Let b(a) = -10*a + 188. Let c be b(19). Let o(k) = 12*k + 2. Calculate o(c).
-22
Let l(g) = -2*g**3 - g + 35. Let j be (45 - 45)*((-4)/4)/(-1). Give l(j).
35
Let c be ((-39)/(-26))/((-2)/(-4)). Let l(t) = 5*t**2 + 3*t + 2. Let q(a) = -4*a**2 - 3*a - 2. Let f(i) = -6*l(i) - 7*q(i). Give f(c).
-7
Let d(y) = -3*y**2 + 30*y + 33. Let p be d(11). Let x(n) = -n**3 + n**2 + 30. Determine x(p).
30
Let g(q) be the third derivative of -q**7/720 - q**6/720 - q**5/6 - q**2. Let t(c) be the third derivative of g(c). What is t(1)?
-8
Let z = -18 + 22. Let q(r) = 9 + r - z + 4. Calculate q(-5).
4
Let w = -166 + 168. Let c(b) be the second derivative of -b**w + 0 + 5*b - 1/6*b**3. Give c(5).
-7
Let h(d) = 6*d**3 + d**2 - 1. Let i(m) = m**3 + 5*m**2 - m + 15. Let q be i(-5). Suppose 0 = -5*b + q, 4*b - 6 = 3*v + 7. Give h(v).
6
Let x(j) = j + 11. Let w be x(5). Let s(r) = -r**2 + 16*r + 3. Let m be s(w). Let g(z) = 0*z**2 + 3 + m*z**2 - 3*z + 10*z**3 - 11*z**3. Determine g(2).
1
Suppose 14*n = 17*n - 4*i - 36, 2*n = -3*i + 7. Let x(u) = u - 14. Determine x(n).
-6
Let i be 16/7 - (3 - (-57)/(-21)). Let m(k) = i*k + 5*k - 4*k + 2 + 2*k**2. Suppose -w = -3*w - 2*s - 10, -2*w = -4*s - 2. Determine m(w).
11
Let x(g) = 2*g**3 - 8*g**2 + 5*g - 12. Let o be x(4). Let i(j) = 3*j - 15. Calculate i(o).
9
Suppose 1 = -a, 0*q - q = a + 5. Let i(l) = l**2 + 3*l - 4. Determine i(q).
0
Let x(u) = -u**3 - 2*u**2 + 2*u - 4. Suppose 0 = -4*i + 4*t + 12, -3*i + 14 = -5*t + 1. Let o be (-31 - -28) + i + -1 + 0. What is x(o)?
-1
Suppose -4*o = 5*k + 10, 2*o + 11 = 5*k - 9. Let p(v) be the second derivative of -13*v**3/6 + v**2 - 95*v. Calculate p(k).
-24
Let h = 9 - 9. Suppose 0 = 2*u + 2*t - 35 - 3, 4*u + 3*t - 74 = h. Let p = u + -19. Let v(b) = -b**3 - b**2 - 2*b - 2. Calculate v(p).
6
Suppose 2*h - 2*u + 15 = 3*h, -8 = -4*u. Suppose 0 = 6*o - h - 1. Suppose -o*v = -4*k + 16, k + 7 = -5*v - 11. Let d(z) = -2*z**2 + 2*z - 2. Calculate d(k).
-6
Let k(a) = -a - 4. Let q be (0 + 2)*(-9)/6. Let h(f) = f + 3. Let t(r) = q*h(r) - 2*k(r). Let m = -12 - -7. Give t(m).
4
Let g(s) = 60*s**2 + 20*s + 16. Let v(c) = -11*c**2 - 4*c - 3. Let y(o) = -2*g(o) - 11*v(o). What is y(-6)?
13
Let t(u) = -u**2 - 7*u - 7. Let s be (-1*18)/((-4)/10). Suppose 17 - s = 4*q. Calculate t(q).
-7
Let a(f) = -6*f - 12. Let n(s) = 2*s - 8. Let o(v) = 5*v - 23. Let w(z) = -11*n(z) + 4*o(z). Let u(g) = 3*a(g) - 8*w(g). Determine u(-7).
10
Let b = -306 - -300. Let n(j) = 3*j**2 + 7*j - 9. Let g(q) = -13*q**2 - 28*q + 37. Let u(l) = 2*g(l) + 9*n(l). Calculate u(b).
-13
Let o(l) be the second derivative of -l**5/20 - l**4/4 + l**3/2 + l**2 + l. Let b(p) = 19*p + 28. Let w be b(5). Let x = -127 + w. Calculate o(x).
6
Let c be (6 - -2)*2/(-4). Let s be -4 - 2/c*-2. Let y(w) = 5*w - 1 - 11*w + 5*w - 2. Calculate y(s).
2
Let p(g) = g + 9 - 2 - 6 - 7. Let b be (-1 - -1)/(47 + -48). Calculate p(b).
-6
Let v be (1 - 2/1) + 6. Let l(g) = -v*g**2 - 6 + 6*g**2 - 3*g + 0*g. What is l(6)?
12
Let t(s) = -12*s + 12*s + 2*s - 16. Give t(7).
-2
Let k(n) = 3*n**2 - 15*n - 68. Let m be k(8). Let b(r) be the third derivative of -r**4/12 + r**3 + 3*r**2. Determine b(m).
-2
Let m = -157 - -160. Suppose -15 + 4 = -i - m*u, 3*i = 3*u - 15. Let h(o) = 4*o - 1. Determine h(i).
-5
Let h(d) be the third derivative of d**6/120 + d**5/10 - d**4/8 - 7*d**3/6 + 3*d**2 + 77*d. Calculate h(-5).
33
Suppose -3*j - 51 = -7*j + 3*t, 0 = -3*j + 2*t + 39. Let q = 12 - j. Let a(h) = -h**3 - 3*h**2 + 2*h. Determine a(q).
-6
Let y(q) = -q**3 - 9*q**2 - q + 7. Let c be (-66)/44*(-1)/((-2)/12). Calculate y(c).
16
Let x(j) = -5*j**3 - 7*j**2 - 9*j + 4. Let b(p) = -14*p**3 - 21*p**2 - 27*p + 13. Let r(i) = -i - 20. Let n be r(-14). Let m(k) = n*b(k) + 17*x(k). Give m(8).
-2
Let s(b) = -b**2 + 8*b - 4. Let i(f) = -f**2 - 8*f. Let v be i(-8). Suppose v = -2*l + 6 + 8. Let t be s(l). Let w(j) = 2*j + 2. Calculate w(t).
8
Suppose -3*x = -2*j - 38, -2*j + 1 = -4*x + 53. Suppose -14 - x = 4*z - 5*y, 3*z + y + 21 = 0. Let k be (13 - 4) + z + 3. Let p(g) = 2*g - 4. Determine p(k).
6
Suppose -201 = -12*d - 57. Let r(o) = -o**3 + 12*o**2 - 10. What is r(d)?
-10
Suppose 4*q - 34 + 2 = 0. Let j be 26/q - 1/4. Let n(l) = 4*l - 5*l**2 + 4*l**3 - j*l**3 - 2*l**3 - 1.